11001222
231154 (base 8) to base 12
39490
What is 1086a29 (base 12) in base 16?
304641
What is 5745642 (base 8) in base 3?
2221020011201
-1285282 (base 9) to base 8
-2542564
What is -4040410 (base 6) in base 4?
-232313112
Convert 1a6001 (base 14) to base 11.
591086
What is -76762 (base 11) in base 3?
-12122210111
-222222012100011 (base 3) to base 4
-312223102330
What is -3044c (base 13) in base 2?
-10101000110010111
Convert 103331014 (base 5) to base 10.
448884
Convert 18bb02 (base 14) to base 8.
3261666
What is -598689 (base 10) in base 4?
-2102022201
Convert 200558 (base 11) to base 3.
121101202110
-2143415 (base 6) to base 14
-2b043
1868235 (base 13) to base 14
10bc749
-10202313103 (base 4) to base 6
-41311351
What is 20bb45 (base 16) in base 12?
875459
Convert -c3252 (base 15) to base 10.
-618152
Convert -bb262 (base 13) to base 6.
-11132152
Convert 16753 (base 9) to base 5.
332200
What is 111431332 (base 5) in base 12?
200907
2011321111 (base 4) to base 2
10000101111001010101
1f415 (base 16) to base 9
214545
-222322 (base 4) to base 8
-5272
What is 5bbfe8 (base 16) in base 11?
3437647
Convert 217663 (base 8) to base 9.
122024
What is -45724107 (base 8) in base 3?
-200200221202200
What is -63044023 (base 7) in base 16?
-50f36e
5446626 (base 8) to base 10
1461654
What is 25b569 (base 13) in base 7?
10511330
Convert -44402332 (base 6) to base 9.
-2458382
30003 (base 8) to base 7
50556
-30422 (base 13) to base 12
-41bab
Convert 210023404 (base 5) to base 4.
3102032300
72128 (base 14) to base 8
1030310
What is 100110011010000000 (base 2) in base 3?
21222210101
-92993 (base 11) to base 10
-135622
5112143 (base 6) to base 13
866c7
-187408 (base 13) to base 8
-2262644
What is b54a6 (base 14) in base 15?
89836
Convert -28812 (base 11) to base 3.
-2002010020
What is -13023002300 (base 4) in base 14?
-36d30c
Convert 20111200122 (base 3) to base 13.
463b2
-2bb66 (base 13) to base 11
-57596
What is -57ab2 (base 12) in base 8?
-345146
Convert 2a1520 (base 11) to base 15.
945ea
What is 65c9a1 (base 13) in base 10?
2398579
22154645 (base 7) to base 12
782bbb
-2cab26 (base 14) to base 2
-101111110011000111110
What is 53b304 (base 14) in base 12?
b48860
18028202 (base 9) to base 15
bdc845
What is -1ccd7 (base 16) in base 9?
-188743
What is -322b1 (base 12) in base 10?
-66085
What is -11121431 (base 7) in base 15?
-140692
Convert -25270 (base 10) to base 6.
-312554
Convert -13050205 (base 6) to base 4.
-1220013131
Convert 164787 (base 9) to base 4.
120321121
What is 25411254 (base 6) in base 13?
22bbaa
Convert 77827 (base 9) to base 3.
2121220221
2431420403 (base 5) to base 16
5778fb
5aa4a (base 16) to base 11
233a42
Convert -94238 (base 14) to base 9.
-603836
267645 (base 10) to base 13
94a91
1005445 (base 8) to base 7
2152405
Convert -33976 (base 12) to base 7.
-404343
Convert 5167660 (base 9) to base 10.
2761263
-6182aa (base 11) to base 12
-3ba071
3b80 (base 15) to base 3
122110010
Convert eccb73 (base 15) to base 6.
1041450413
Convert 23322232313 (base 4) to base 15.
41aa1b
10461 (base 7) to base 12
1640
-23000123302 (base 4) to base 14
-551734
Convert -10abecb (base 15) to base 12.
-3bb8225
What is -211a72 (base 15) in base 8?
-6004303
Convert -2817d (base 14) to base 9.
-160831
Convert -1242434412 (base 5) to base 2.
-1011110011001001110011
-1047131 (base 8) to base 14
-74bb3
What is 20102221212 (base 3) in base 11?
87307
Convert -106ad9 (base 16) to base 4.
-10012223121
-16313502 (base 7) to base 10
-1583535
312220310312 (base 4) to base 12
4968932
What is -400892 (base 11) in base 13?
-197925
What is 13443104 (base 5) in base 15?
2b904
What is 11220212200 (base 3) in base 9?
156780
Convert 5212441 (base 6) to base 16.
3d369
What is 50000301 (base 6) in base 10?
1399789
What is -c555 (base 15) in base 16?
-a2e9
-131053034 (base 6) to base 3
-11211201210211
What is 1101233422 (base 5) in base 6?
122430523
Convert -406581 (base 11) to base 9.
-1204526
What is -10012011210012 (base 3) in base 11?
-a59444
-1424123322 (base 5) to base 15
-4dcdac
Convert -1734023 (base 8) to base 14.
-d24dd
What is 244230111 (base 6) in base 14?
89d56b
What is -1211402 (base 5) in base 12?
-1119b
What is 77630 (base 12) in base 2?
100110100111000100
What is -7909 (base 10) in base 5?
-223114
-1300104 (base 5) to base 2
-110000111000101
Convert -51052 (base 9) to base 8.
-101455
50531332 (base 6) to base 7
15156251
What is 14866633 (base 10) in base 14?
1d8dc25
Convert 3112110 (base 7) to base 6.
11554213
-586187 (base 9) to base 2
-1010110000000001011
130313032110 (base 4) to base 13
174bb77
1100010000100101 (base 2) to base 14
14429
-12288a6 (base 13) to base 11
-3206677
-625143 (base 9) to base 12
-15a979
504365 (base 9) to base 5
34022323
-340523 (base 6) to base 14
-a667
-15604237 (base 8) to base 13
-993846
What is 123002301 (base 4) in base 7?
640641
What is 3156725 (base 12) in base 10?
9321869
What is -348326 (base 9) in base 2?
-110011001001010010
What is -11111001101110100 (base 2) in base 6?
-2423540
What is 7070648 (base 10) in base 11?
3a9a312
Convert 4722687 (base 9) to base 14.
4a6bc8
2838919 (base 10) to base 11
1669a16
Convert 60593 (base 11) to base 15.
1b388
What is 1111100121112 (base 3) in base 11?
4a2876
What is -d0a7c (base 15) in base 13?
-1a1831
Convert -205aa (base 15) to base 7.
-604636
2d873 (base 15) to base 4
203321121
What is -22020001 (base 3) in base 13?
-2962
What is -2436510 (base 7) in base 4?
-1030023213
Convert 1136a67 (base 11) to base 7.
22610342
-2122323131 (base 5) to base 14
-8503b2
What is 19650a (base 11) in base 2?
1001001100101101101
-1661347 (base 8) to base 12
-1b4173
21eb8 (base 15) to base 3
12111002002
-7073594 (base 11) to base 14
-19384cb
55251030 (base 6) to base 2
110010100000110111010
Convert -98343 (base 13) to base 3.
-111222111010
221222011102201 (base 3) to base 7
225210124
Convert -10010111000000011 (base 2) to base 15.
-17d95
321002211 (base 5) to base 8
5101070
-2144175 (base 9) to base 10
-1151240
Convert 2231223222 (base 4) to base 12.
2a3836
1202201022102 (base 3) to base 9
1681272
What is -453342353 (base 6) in base 9?
-16530806
What is 10100100001010001 (base 2) in base 9?
137257
-76422 (base 12) to base 2
-100110000111011010
What is 459a40 (base 13) in base 14?
30d1ac
What is -57249 (base 11) in base 7?
-463310
Convert 26627155 (base 8) to base 14.
b17a0d
Convert -1001130322 (base 4) to base 16.
-4173a
Convert -671cdc (base 14) to base 3.
-20120212200002
Convert 4649 (base 12) to base 5.
222313
15693351 (base 10) to base 15
159ed36
Convert -18210a (base 11) to base 15.
-583b7
Convert -4142168 (base 9) to base 14.
-418510
-30356524 (base 9) to base 8
-67434514
What is -2523a1 (base 12) in base 14?
-11a877
What is -10790a (base 13) in base 8?
-1366153
What is 100100100111010110 (base 2) in base 6?
3114154
Convert 2236334 (base 7) to base 16.
43f49
Convert 11111000100110111001 (base 2) to base 5.
230041142
What is -120102331 (base 4) in base 5?
-11141032
2600ec (base 16) to base 13
69283c
Convert -10022012012 (base 3) to base 13.
-23798
What is 122212030 (base 4) in base 9?
175384
Convert -111010001110011001 (base 2) to base 15.
-4a9e4
69337 (base 11) to base 5
11201403
-3514332 (base 7) to base 13
-125904
Convert 19ef5d (base 16) to base 15.
23891c
What is 1615447 (base 10) in base 5?
403143242
Convert 3032023042 (base 5) to base 6.
335152035
-22444041 (base 5) to base 13
-71540
946774 (base 11) to base 3
2212001211212
-32122023 (base 4) to base 2
-1110011010001011
Convert 5572e (base 15) to base 5.
32142434
7168237 (base 10) to base 15
968dc7
What is 302445 (base 11) in base 13?
1404a5
Convert 30301531 (base 6) to base 5.
210113201
Convert -12b40 (base 13) to base 4.
-20200302
-36240 (base 10) to base 3
-1211201020
What is -35373061 (base 9) in base 12?
-592ba84
What is -23a738 (base 12) in base 4?
-2031022130
15557 (base 14) to base 2
1100111111001001
What is -2008036 (base 9) in base 3?
-2000022001020
Convert -1b169 (base 14) to base 16.
-10d19
Convert -1334419 (base 12) to base 14.
-70d8d7
11145233 (base 8) to base 6
123402443
Convert -1112002311 (base 4) to base 16.
-560b5
Convert -4786 (base 11) to base 6.
-45001
Convert -1001000100011110 (base 2) to base 3.
-1212221221
What is -1477e5b (base 1